ds digit of a?
3
Let a be 2*(12/(-8) + 3). Suppose 4*l = h - 422, -a*h + l = h - 1658. Suppose -5*g - g = -h. What is the units digit of g?
9
Suppose 5*s - 368 = 262. Let w be 3 - -2*(-1)/(-2). Suppose -3*a + w*a = -2*k + 227, -k - 3*a = -s. What is the tens digit of k?
1
Let t = 43 + -34. Suppose 752 = t*q - 5*q. Suppose -628 + q = -5*l. What is the units digit of l?
8
Suppose -4*r - a + 424 = 0, 8*r - 4*r = a + 432. Suppose r*u = 103*u + 1524. What is the tens digit of u?
8
Let i be (11/22)/(1 + 13/(-14)). Suppose -2*r = -113 - 179. Suppose r = i*h - 36. What is the tens digit of h?
2
Let i be 1513/17*(1 + -1 - -6). Suppose -i = -2*y - 2*d, 9*y - 6*y - 799 = -2*d. What is the units digit of y?
5
What is the thousands digit of 44760/(40/4) - (1 - -7)?
4
Let u be (-3 - (-1194)/16) + (-3)/(-8). What is the hundreds digit of (276/u)/(4/552)?
5
Let n be (8/((-24)/(-69)))/(1/(-30)). Let c = -441 - n. Let p = c + -134. What is the tens digit of p?
1
Let n = 790 - 244. Let w = 1009 - n. Suppose -4*v - w = -3*r, -r + 4*v + 1 = -140. What is the tens digit of r?
6
Let r(z) = z + 5. Let c be r(-1). Suppose 740 = n + c*t - 41, -1595 = -2*n + 3*t. What is the units digit of n?
3
What is the hundreds digit of -8 + 19 + 38064 + -38?
0
Suppose 9*d - 72600 - 161592 = 1941. What is the hundreds digit of d?
2
Suppose -4*q = 3*x - 222, 5*x + 329 = 5*q + 69. Suppose -y = -2*b - 98 - q, 4*y = 8. What is the tens digit of (-6510)/b + 1/5?
8
Let s(z) = z + 10. Let h be s(-5). Let f = -2 - h. What is the units digit of 12/(-21) - 137/f?
9
Suppose 3*f - 3 = -0, 0 = 3*d + 5*f - 200. Suppose 68*v - 15 = d*v. Suppose -v*n + 27 + 43 = -m, 5 = m. What is the units digit of n?
5
Let q be (-2)/(16/3) - 312077/(-248). Suppose -16*p + 5658 - q = 0. What is the units digit of p?
5
Suppose y + 7 = 7*a - 3*a, 2*a - 53 = -5*y. Suppose -5 = v - y. Suppose 0 = -2*q + 5*h + 166, -h - 81 = -q - v. What is the units digit of q?
3
Suppose -y - 9 = -15. What is the tens digit of (575 - 1) + y/3?
7
Let o(s) be the first derivative of s**6/120 - s**5/24 - s**4/4 + 28*s**3/3 + 16. Let j(r) be the third derivative of o(r). What is the tens digit of j(6)?
7
Let a = -1035 + 1788. Let i = -183 + 331. Suppose i - a = -5*r. What is the hundreds digit of r?
1
Let q = 1544 - 623. What is the hundreds digit of q?
9
Let t be 87 - ((-1)/7 - 75/(-35)). Let p = -87 - t. Let i = -94 - p. What is the tens digit of i?
7
Let l be (-123)/(-287) - (-23822)/14. Let u = l + -357. What is the thousands digit of u?
1
Let n = -197 + 8959. What is the thousands digit of n?
8
Let o = -33 + 35. Suppose -4*z + 4324 = o*t, -z - 2*t = -4*t - 1081. What is the units digit of z?
1
Suppose -5*b - 18649 = -w - 99774, 0 = -b + 3*w + 16211. What is the tens digit of b?
2
Let z = 1013 - 3752. Let o = z + 3874. What is the units digit of o?
5
Suppose 5563*x - 5533*x - 37170 = 0. What is the tens digit of x?
3
Suppose -38*l + 1422 = -32*l. Suppose -3*v + 8*z = 12*z - l, -5*v = 4*z - 403. What is the units digit of v?
3
Let k(x) = -62*x**3 + x**2 - 4*x + 18. What is the thousands digit of k(-3)?
1
Let q = 36 + -27. Suppose -5*u - q = -69. Let p(t) = -t**3 + 14*t**2 - 17*t - 12. What is the tens digit of p(u)?
7
Let l(z) be the second derivative of z**5/10 + 7*z**4/12 + 2*z**3/3 - z**2/2 - 10*z. Let m be l(-3). Let k = 83 - m. What is the tens digit of k?
8
Suppose 0*g + 2*g = 114. Suppose -4*w + 97 + g = -2*h, 3*h - 149 = -4*w. Suppose -14*n + w = -13*n. What is the tens digit of n?
3
Suppose -9*q + 2*q - 7*q + 706566 = 0. What is the tens digit of q?
6
Let v be (-34)/(-8) - 4 - 13/4. Let u be v + 0*4/(-4) + 176. Let o = u + -68. What is the units digit of o?
5
Let n = -131 - -136. Suppose -n*c + 434 = -491. What is the hundreds digit of c?
1
Let d be (-10)/(-15)*12/2*91. Let t = d + 454. What is the units digit of t?
8
Let w(c) = 4*c**3 + 3*c**2 + c - 72. Let t be 18/(-27)*(3 + -12). What is the units digit of w(t)?
6
Let u be (-2)/2 - (4 + 44/(-4)). What is the tens digit of 582/2 - u/3?
8
Suppose 8*y - 10215 = 8985. Suppose 5*i = 2*i + y. Suppose -9*w + i = w. What is the tens digit of w?
8
Suppose -l + 17248 = 20*r - 15*r, l = -7. What is the units digit of r?
1
Suppose -14*a - 29547 + 60219 = -60426. What is the tens digit of a?
0
Let z be 3/(-9) - (-11)/(132/(-104)). Let g be ((-27)/(-2))/z*(-492)/9. Suppose -4*s = -734 - g. What is the hundreds digit of s?
2
Let u(g) = -g**3 - g + 143 + 1084 - 33. What is the tens digit of u(0)?
9
Let w(q) = 747*q**2 + 11*q - 13. What is the thousands digit of w(-3)?
6
Let b(i) = -4*i**2 - 4*i + 8. Let j be b(3). Let a be (-1*2)/(16/j). Suppose 260 = 15*u - a*u. What is the tens digit of u?
2
Let q(c) = -2*c**3 - 25*c**2 + 15*c + 106. What is the units digit of q(-17)?
2
Let q(m) = -78*m**3 + 2*m**2 - 30*m - 162. What is the units digit of q(-6)?
8
Let q(l) = 28*l**2 - 94*l + 3549. What is the ten thousands digit of q(28)?
2
Let m be (46/(-6))/((-11)/(-2277)). Let j = m - -2248. What is the tens digit of j?
6
Suppose f + 4*q = 17096, -68324 = -4*f - 178*q + 177*q. What is the tens digit of f?
8
Suppose w + q - 6 = 5*q, -2*q + 30 = 5*w. Suppose 0 = -j - w + 9. Suppose -4*y = -2*t - 160, 2*y - j*t = 48 + 32. What is the tens digit of y?
4
Let u(m) = 20*m**2 - 8*m - 45. Let j be u(7). What is the tens digit of ((14/6)/7)/(1/j)?
9
What is the ten thousands digit of 64/24 - 2111171/(-87)?
2
Let r be (-9*(-2)/(-15))/(12/(-80)). Let j be (1 - (-3)/(-5))/(r/(-560)). Let l = 95 + j. What is the units digit of l?
7
Let s = -11286 - -47656. What is the thousands digit of s?
6
Let d be (11 - 11 - 34)*24/(-2). Let n = 518 + d. What is the units digit of n?
6
Let u = 568 - 565. What is the hundreds digit of 763 + 27 + (u - 0)?
7
Suppose -68*r = 184*r - 3382092. What is the ten thousands digit of r?
1
Let r = -766 - -762. What is the units digit of 1154 - r - 0/(7 + -1)?
8
Let y be (-5 - -4)*13/(39/(-432)). Let f = y - 30. What is the units digit of f?
4
Let w(k) = k**3 - 3*k**2 + 81*k - 618. What is the tens digit of w(14)?
7
Suppose 2*d - 5*k + 1996 = 13398, 0 = -2*d - 3*k + 11370. What is the units digit of d?
1
What is the thousands digit of 47151775/2046 - 1/12*-2?
3
Suppose 0 = m + 5*k + 6 + 8, -3*m = 4*k + 31. Let p be (-3 + 0)*15/m. Suppose -4*y - p*l = -354, -3*y - 260 = -6*y - l. What is the units digit of y?
6
Let z be 2 - (3 + (-4)/(-4)). Let g be (1 + -2 + -3)/z. Suppose -g = -l, -3*p + l - 2*l + 494 = 0. What is the tens digit of p?
6
Suppose -27 = i - 5*j, 3*i + 16 = 5*j - 3*j. Let z be 70/(i - -4) - -4. Suppose -40*n = -z*n - 15. What is the units digit of n?
5
Suppose 0 = 3*d - 4*p + 3*p - 2161, -5*p = 2*d - 1435. Let o = -405 + d. What is the tens digit of o?
1
Suppose -15 = 3*d, b + 2*d - 4*d - 22 = 0. What is the units digit of (-6560)/b*(96/20 - 6)?
6
What is the tens digit of -15936*(12/16)/(39/(-26))?
6
Let z(w) = w + 2. Let o(s) = 29*s - 7. Let k(x) = 2*o(x) - 6*z(x). What is the tens digit of k(4)?
8
Suppose 0 = -6*n + 1932 + 4848. What is the thousands digit of n?
1
Let t(c) = 19*c - 26. Let z(h) = -h**3 + 5*h**2 + 3*h - 13. Let w be z(3). Let v be (-53)/(-5) + w/35. What is the units digit of t(v)?
3
Suppose -7*x + 10*x - 3138 = 2*b, -5*x - 4*b = -5208. Let i = -348 + x. What is the tens digit of i?
9
Let g = 7219 - 4840. Let r = -716 + g. What is the tens digit of r?
6
Suppose -11592 = -12*l + 12048. What is the hundreds digit of l?
9
Suppose 4*b + 4*p - 2360 = 0, 2*b - 4*p = p + 1145. Suppose f = -5*c + b, 6*c - 4*c = 2*f + 246. What is the units digit of c?
8
Let j be 30 + 6 + 7/((-35)/(-30)). What is the units digit of -335*(j/63 - (-34)/(-15))?
6
Suppose 0 = 388*a - 394*a - 150. Let g be 2 + (1*26 - -2). Let c = a + g. What is the units digit of c?
5
What is the hundreds digit of (10/2 - -1016) + 5?
0
Suppose 75*w = 85*w - 15400. Suppose -5*d + 30 = -5*i, -4*i + 9*i + 10 = -5*d. Suppose 7*g = d*g + w. What is the units digit of g?
8
Let q(b) = 3*b**2 - 4*b + 5. Let k be q(-8). Let f = 11 + k. What is the units digit of f?
0
Let v(q) be the third derivative of -3*q**4/4 + 12*q**3 + 2*q**2 - 43*q. What is the tens digit of v(-29)?
9
Let w = -119 - -956. Suppose -5*l - 237 - 128 = -5*i, 0 = -3*l. Suppose 5*q - i = w. What is the hundreds digit of q?
1
Let o(k) = 6026*k 